 12102. Suppose 5*p - 4*o - 2111 = 0, -4*p - 3*o + 5*o + s = 0. Is p a prime number?
True
Let c(t) = -t**2 - 3*t + 14. Let y be c(-6). Let i be 0 + (5 - 2 - y). Let f(o) = 24*o**2 - 4*o + 15. Is f(i) prime?
True
Let u(c) = c**3 + 8*c**2 + 12*c - 8. Let r be u(-5). Suppose r*h + 5*h - 67548 = 0. Is h prime?
False
Let q(u) = 195*u**2 - 14*u - 41. Suppose 0 = -b - 209 + 203. Is q(b) prime?
False
Let i = -44893 - -132304. Is i a prime number?
False
Let m = -1614 - -2493. Let p be (40/25)/(4/530). Let f = m - p. Is f composite?
True
Let m = -45 + 49. Let u(g) = -17 - 310*g**2 + 326*g**2 + m*g**3 + 6*g - g**3 - 1. Is u(13) a composite number?
True
Let w be 0/((-6)/(0 - 3)). Suppose 6*i - 11*i - 12605 = w. Is i/(-3) - (-28)/42 a prime number?
False
Suppose -3*x - 4*h + 208 = 0, x + 2*h + 292 = 5*x. Let c = x + -72. Suppose 8*m - 16*m + 568 = c. Is m prime?
True
Suppose 5*h - 3*k = 37 + 18, -h + 19 = k. Let x(w) = 33*w - 56 - 1 + 14. Is x(h) composite?
False
Let c = -131 - -134. Suppose -6*o - c*o + 7389 = 0. Is o composite?
False
Let n be 14655/(-20) - 2/8. Let s = n - 125. Let c = 1729 + s. Is c composite?
True
Let s be (-4)/(-2)*(3 - 7 - -350). Let y = 1496 - s. Suppose -y - 590 = -2*f. Is f prime?
False
Let u(v) be the first derivative of v**3/3 - 10*v**2 + 12*v + 96. Let m be (-2)/(-3)*51/(-2). Is u(m) prime?
True
Let n(u) = u - 4. Let o be n(6). Suppose -3*w + 2*i = -0*w - 2204, -o*i = -4. Let v = -195 + w. Is v a composite number?
False
Let s(w) = 201*w**2 + w + 121. Is s(6) a prime number?
False
Suppose -18*a = -12*a - 36. Suppose -3*p = -4*g + 28, 2*p - 12 = g - a*g. Suppose 4*o - 4556 = g*u, 4*o - 3*u + 0*u - 4555 = 0. Is o a composite number?
True
Suppose -2*m + 4*q = -373058, -5*m - 14*q + 10*q = -932729. Is m prime?
False
Let p(l) = -24*l + 24. Let f be p(-10). Suppose -6*r + 90 = f. Is 1 - -3 - r*41 a prime number?
True
Let g(k) = 2965*k - 167. Is g(6) a composite number?
False
Suppose -5*m - 232143 = -2*l, 0 = 10*m - 166 + 96. Is l prime?
True
Let p be (-1 + 0 - -1)/(-2). Suppose -2*u + 1347 + 549 = p. Is u + 2 - 7/(7/(-3)) prime?
True
Let c = -758844 - -1113451. Is c composite?
True
Suppose -848 = -4*m + 1784. Suppose 0 = -2*n - 2*h + m, 11*h - 9*h - 1636 = -5*n. Is n a prime number?
False
Let m be (20/30)/((-1)/603). Let o = 1106 + m. Suppose i - 353 = o. Is i prime?
False
Suppose -2*s + 2*o - 5*o - 6496 = 0, -2*o - 8 = 0. Let g be 27/63 - s/(-28)*-2. Suppose -1103 - g = -3*z. Is z composite?
True
Suppose 0 = 6*w - 27 + 3. Suppose c = 5*s - 3*c - 155121, w*s - 5*c - 124104 = 0. Is s a prime number?
False
Let d(p) = -22*p + 7. Let b(k) = 155*k - 50. Let z(s) = -3*b(s) - 20*d(s). Let f be z(-7). Is f/(-4*(-3)/12) a composite number?
True
Suppose 2*z + 25 = 3*z. Suppose 0 = -5*f + z, -4*m - 1079 = 5*f - 4576. Let h = m + -47. Is h a prime number?
True
Let h(b) = 1972*b**2 - 5*b + 11. Let t be h(-6). Suppose 97609 + t = -6*m. Is m/(-18) + 2/(-4) a composite number?
True
Let r = 13196 - 6919. Let t be 0 + 0 + 4 - (-4201 - -9). Let m = r - t. Is m prime?
True
Let x = 228 + -231. Let o(d) = -231*d**3 + 4*d + 14. Is o(x) prime?
False
Let k(d) = 53751*d**2 - 467*d + 45. Is k(4) composite?
True
Suppose 2*a + 4*d - 6234 = 0, -81*a = -84*a + 5*d + 9307. Is a composite?
False
Suppose 0 = -3*y - 2*r + 5*r + 5787, -3*y = -r - 5777. Let n = y + -753. Is n a prime number?
True
Let c(u) = -2*u - 51. Let s be c(6). Let n = s + 70. Is 7553/9 - (n - 488/72) prime?
True
Let z(b) = -120*b - 87. Let l be z(-11). Suppose 15 = 3*d, 0 = g - 3*d + 7*d - l. Is g a prime number?
True
Suppose 28 = 164*h - 157*h. Is (29 + -27)*(6102/h + -1) a prime number?
True
Let p(g) = -124*g**2 + 4*g + 123*g**2 + 16 + 7*g. Let i be p(12). Suppose 4*l + 2*r = -415 + 3389, -i*r = 5*l - 3719. Is l a composite number?
False
Let f(y) = -1391*y**2 + 263*y - 532. Let g be f(2). Let m(u) = -19*u**3 + 5*u**2 + 6*u + 3. Let w be m(6). Let h = w - g. Is h prime?
False
Is 45/(-315) + 545904/14 a composite number?
False
Let x(p) = 21*p**2 + 6*p + 7. Let z be x(4). Is z - (-9)/((-18)/(-8)) composite?
True
Let d be ((-120)/14)/((-10)/(-105)). Let m = -74 - d. Is m/7 - 2 - (-40464)/84 composite?
True
Let p = 192250 + -113681. Is p composite?
False
Suppose 6*w + 15 = 11*w - 5*s, 3*w = -5*s + 17. Suppose 0 = -3*f - w*d + 8327, -27*d + 22*d - 5 = 0. Is f a prime number?
True
Let s = 150064 - 103323. Is s a prime number?
False
Is 11438 - (-330)/(-44)*4/(-6) a composite number?
False
Let y(k) = -k**3 - 8*k**2 + 8*k - 5. Let n be y(-9). Let s be 6/4*(4030/3 + n). Suppose -s = -3*l - 659. Is l composite?
True
Let v be (1208/(-20) - -2)*-5. Let c = -810 + v. Let m = c + 937. Is m a prime number?
True
Let d be (-10)/((-120)/21)*4. Suppose -p + 5*u + 2757 = d*u, 4*p + u - 11042 = 0. Is p composite?
True
Let l = -1621719 - -3895514. Is l a prime number?
False
Suppose 0 = -0*k - 5*k - 6925. Let f = k + 5496. Is f a prime number?
True
Suppose -2*z - 11758 = -4*p, 0 = 6*z - 5*z + 2*p + 5867. Let n = z + 12678. Is n a composite number?
True
Let u(s) be the third derivative of 3*s**6/40 + 7*s**5/30 - 13*s**4/24 + 13*s**3/3 + 25*s**2. Let b be u(9). Suppose b = -31*r + 35*r. Is r a composite number?
False
Let j(r) = 20*r + 45. Let g(u) = 3*u + 3. Let x(b) = -10*g(b) + j(b). Let l be 3/(3*(-1)/4). Is x(l) composite?
True
Suppose 32*b - 3108362 = 2325782. Is b composite?
False
Suppose -173*t + 177*t + 2524 = 0. Suppose 14*n = 13*n - 4. Is (-2 + 2)/n - t prime?
True
Suppose -26*z = -17145 - 95617. Suppose -12*m + 14*m - z = -3*d, -5*m + 10840 = 5*d. Is m a composite number?
True
Let t be (-5)/(-10)*1*6. Suppose -x - 3362 = 3*i, -x - t*x = -4*i - 4472. Let r = i - -2027. Is r a prime number?
True
Suppose -1404*m + 74326 = -1403*m + 3*v, 5*m + 4*v - 371575 = 0. Is m composite?
False
Suppose 163*z - 158*z + 200 = 0. Let m = 688 - 963. Let v = z - m. Is v a composite number?
True
Let t(j) = -55*j**3 + 29*j**2 + 264*j + 31. Is t(-11) prime?
False
Let s = -41 - -52. Let r(u) = 182*u**2 - 15*u - 8. Is r(s) a composite number?
True
Let r(v) = 2*v**2 + 12*v + 12. Let y be r(-5). Let f be y/6*(-4 - -10). Suppose -2*i + f = -i, 5*s - 159 = 3*i. Is s composite?
True
Suppose 77*i - 74*i = 3504. Let c be 1*-3 + 5814/3. Let k = c - i. Is k a composite number?
True
Let l(m) = -m**3 + 2*m**2 + 6*m - 3. Let n be l(6). Let h = -60 - n. Suppose -3*b - 3*u + h = 0, -4*b + u - 2*u + 74 = 0. Is b prime?
True
Suppose 57*o - 985921 = 441644. Is o composite?
True
Suppose 0 = 15*v - 6570 - 8010. Suppose -5*t - y + v + 44 = 0, -5*t + 1010 = -5*y. Is t prime?
False
Suppose 60*v - 1274773 = 1322613 + 657674. Is v a prime number?
True
Let f = -11863 - -67830. Is f prime?
True
Let t = 276 + -274. Is 12/(-24)*-4201*t prime?
True
Suppose l + 12 = u, -5*u + 0*u - 5*l + 10 = 0. Suppose -u*h = -16 - 5. Suppose 2*c + 2*g = -0*g + 392, -4*g = -h*c + 609. Is c composite?
False
Let w(f) = -f**2 + 5*f - 1. Let u be w(4). Suppose 10470*b - 16 = 10466*b. Suppose 0*p - 1265 = -l - u*p, l - 1237 = b*p. Is l composite?
True
Let z(b) be the second derivative of b**5/20 - b**4/2 - 5*b**3/6 - 5*b**2 + 33*b. Let x be z(7). Suppose 2*j - 506 = 3*u, 0*u = x*j + 5*u - 1012. Is j prime?
False
Let v(c) = 4*c - 7. Let u be v(5). Suppose -16*b - 3 = -u*b. Is (-7492)/(-10) - b/(2 + -7) a composite number?
True
Suppose a = 5*o - 34, -4*a - 70 = -o + 161. Let h = -60 - a. Let n = 60 + h. Is n composite?
False
Suppose 4*p - 994994 = -256*x + 254*x, -3*x + 1492485 = 4*p. Is x a composite number?
False
Let z = -81342 + 51682. Let x = 47402 + z. Is x/(-4)*(-8)/12 prime?
True
Suppose -s + 2518 = 3*f, 3*f + s + 3*s - 2503 = 0. Suppose z - 1926 = f. Let w = 4812 - z. Is w prime?
False
Let b(u) = u**3 - 19*u**2 + 18*u + 1. Let n be b(18). Let i be -30 + 51 + (-1 + n - -1). Is 24600/14 - i/154 a prime number?
False
Let o be (-136)/(-20) + 2/10. Suppose -4*i = -3*v - 4282, -o*i + 2*v = -6*i - 1073. Is i a composite number?
False
Suppose v = -4*h + 467165, 0 = -4*h + 4*v - 6*v + 467174. Is h a prime number?
True
Let g(u) = -14 + 33 - 1221*u + 5220*u. Is g(4) prime?
False
Let v = -1150 - -791. Let u = -1920 - v. Let d = 4920 + u. Is d composite?
False
Let r = -50 + 25. Let w be 3 + 10/(r/(-5)). Suppose -233 = -w*z + 4*z. Is z prime?
True
Suppose -17*q + 90 = q. Suppose 5*a + 4*v =